) composite?
False
Let r(v) = -32*v - 33. Let a(i) = -i**2 - 12*i - 21. Let b be a(-8). Let y(h) = h - 19. Let q be y(b). Is r(q) prime?
True
Let s(x) be the first derivative of -x**3/3 - 23*x**2/2 - 39*x - 23. Let r be s(-21). Suppose -2*k + 3*h = -194, 4*k - r*h - 17 = 383. Is k prime?
True
Let k = 1522014 + -948677. Is k a composite number?
True
Suppose -21*g - 236176 = -37*g. Is g composite?
True
Is -5 + (3 - 5) + 11 + 142959 prime?
True
Let a(k) = -129*k + 25 + 24 + 22 - 45. Is a(-7) composite?
False
Let n(d) = 96*d**3 - 2*d**2 - 39*d + 127. Is n(6) a prime number?
False
Let f(s) be the first derivative of -7/2*s**2 - 6 - 1/2*s**4 - 4*s + 2*s**3. Is f(-5) prime?
True
Let o(s) = 26*s**2 - 687*s - 61. Is o(28) prime?
True
Let z(t) = 6668*t**2 - 49*t + 3. Is z(-2) prime?
False
Suppose -690*o = -892*o + 229427358. Is o a composite number?
True
Suppose 2*o = 1 - 1. Suppose z - 18 = -2*t, 0*z - 18 = -2*t - 3*z. Suppose o = t*d - 10*d + 331. Is d composite?
False
Let a(o) = -3*o**2 + 11*o + 2. Let l be a(-9). Let u = l - -641. Suppose u = -3*m + 1486. Is m prime?
False
Is ((-1020)/(-105) - 10) + (-331599)/(-7) composite?
True
Let c = -1956864 - -4066205. Is c a composite number?
True
Suppose 46*v - 177849 = 883509. Is v composite?
True
Let m be (5 - 9/3)*(-10)/4. Let q(z) = 0*z + 0*z**2 + 0*z + 12*z**2 - 2*z + z**3. Is q(m) prime?
False
Suppose 30*t + 6 = 33*t. Suppose -s - 275 = t*p, 2*s - 41 = 2*p + 219. Is -52*(p/20)/9 prime?
False
Is (284 + -282)*(0 + (-317561)/(-2)) composite?
True
Suppose -25*w = -11*w - 155610. Let i = 16154 - w. Is i prime?
True
Is 182161 + (5 - 11 - (-1 - 3)) a prime number?
True
Let x(a) = a**3 + 4*a**2 + 10*a + 44. Let c be x(-4). Suppose 0 = -c*f + 4058 + 2970. Is f prime?
False
Let m(x) = x + 21. Suppose 80 = -3*p - 2*p. Let l be m(p). Is 30/(-75) - (-1017)/l composite?
True
Let j(u) = -19*u**3 + 32*u**2 + 131*u - 257. Is j(-32) prime?
True
Suppose 2759 = 4*h + 8375. Let b = h - -2407. Is b composite?
True
Let g be 1 + 8160/50 + (-1)/5. Let p = g + -43. Let m = p + -72. Is m prime?
False
Let y = 553067 + -291900. Is y a composite number?
False
Suppose 0 = -25*b + 20534552 + 11879419 + 5626354. Is b a composite number?
False
Suppose -4*s + 29*q = 33*q - 32908, -4 = q. Is s a prime number?
True
Let c be (3/(-4))/(24/(-96)). Suppose 0 = 5*z + c*r - 883 - 9879, 0 = -2*r - 2. Is z a composite number?
False
Let g = -160 - -145. Is 40/(-5 - g) + 1*4413 prime?
False
Let q = -30 - -35. Suppose 967 = q*p - y, 7*y - 4*y - 766 = -4*p. Suppose -3*u + 1600 = p. Is u composite?
True
Let h(w) be the second derivative of -w**5/20 - 11*w**4/12 - w**3/2 - 35*w**2/2 - 2*w. Let d be h(-11). Is d/7 - (-830)/14 a prime number?
True
Suppose -5*z = -3*p - 1 + 13, -2*p = -2*z - 4. Is p/(-8) - (-3 + 185997/(-24)) a prime number?
True
Suppose -4*m + 36 = -2*d, 6*m = m - d + 38. Let i be (-6)/m - (-4202)/(-8). Is i*1*(-14)/28 composite?
False
Let i = 35267 + 72560. Is i a prime number?
True
Let h(k) = 40634*k - 877. Is h(7) a prime number?
False
Suppose -2*g = 4*t - 23598, -35393 = -3*g - 18*t + 13*t. Is g a composite number?
True
Let y(g) = -129*g**2 - 6. Let o be y(3). Let z(t) = -186*t + 104. Let x be z(-19). Let j = o + x. Is j prime?
False
Suppose -6*l = -l - 59265. Let n = l + -8308. Suppose 0 = 2*i - 7*i + n. Is i a composite number?
False
Suppose -3*c = 3*j - 290391, -4*j - 483985 = -9*j - 3*c. Is j a prime number?
True
Suppose -19160684 - 88064677 = -90*g - 3612951. Is g a prime number?
False
Let r = 11531 - -16946. Is r prime?
True
Is -9*19/57 + (2 - -24660) a composite number?
False
Is 3 + (711 - (-14 - -27)) a prime number?
True
Let s(v) = 18553*v**3 - 8*v**2 + 15*v + 5. Is s(2) composite?
True
Let p = 59833 + 49806. Is p prime?
True
Suppose -3*m - 729 = 12*f + 9*f, 0 = 5*f - 5. Suppose -3*n - 2*n - 3*d + 2529 = 0, 2*d + 498 = n. Let s = n + m. Is s composite?
True
Let u(m) = 28979*m**2 + 702*m + 702. Is u(-1) a composite number?
False
Suppose 0 = -119*p + 20656766 + 20539487. Is p a composite number?
False
Suppose 12622673 = 222*g + 2338079. Is g prime?
True
Suppose 0 = 4*j + g - 126672, -5*g + 22076 + 9611 = j. Is -1*((-16)/88 - j/11) composite?
False
Is (3054365/7 - -2) + 1494/(-1743) a composite number?
True
Let q = 190 + -190. Suppose -j - 28*j + 809767 = q. Is j composite?
True
Suppose -37868683 = -145*w + 37*w - 10943095. Is w a composite number?
False
Let h(p) = p**3 + 14*p**2 - 10*p + 59. Let f be h(-15). Is (2/(f/(-12)))/(3/758) prime?
True
Is 78/182 - (-546830)/7 a prime number?
False
Let j(m) = 402*m + 207. Let y(b) = -405*b - 209. Let k(a) = 5*j(a) + 4*y(a). Is k(22) composite?
False
Let l(v) = 4334*v + 275. Let a(y) = -619*y - 39. Let z(j) = 22*a(j) + 3*l(j). Is z(-11) prime?
False
Is 1870805/(-15)*-3 + -4 + 14 prime?
False
Let w(j) = -262*j + 1. Let b be w(1). Let t = b - -527. Suppose -2*x = -4*x + t. Is x a composite number?
True
Is (6/(-4) + -1)*590708/(-590) prime?
True
Suppose -z - 1259 = 4*s + 4*z, -s + 4*z = 320. Let b be s + -3 + (-3 - -2 - -2). Let t = -85 - b. Is t composite?
False
Suppose 0 = 4*r - k - 60907, -1893*r + 1890*r - 5*k = -45686. Is r a prime number?
True
Suppose -5*j + 15 = -4*l, 15*l = 20*l. Suppose 5*t - 7*t + 24447 = -5*h, j*h + 48901 = 4*t. Is t a prime number?
False
Suppose -783 = -2*x + 3*a, 0 = -5*x + 2*a + 3*a + 1970. Suppose d - x = -48. Suppose 30 = 3*w - d. Is w prime?
True
Let b be 4*(-6)/(-30) - (-103436)/5. Suppose -2*f + o = -24669 - 16662, -f + 5*o = -b. Is f prime?
True
Is (-3)/((-12)/1505260) + (-12)/32*-16 a prime number?
False
Suppose 15 = 5*m - 0*m. Suppose 3*q + 2*r - 1 = 0, -2*r - 6 = 2. Suppose 0*p = -q*p + 3, m*y - 2422 = -p. Is y composite?
True
Is -4 - (7115980/(-30) + 15/(-9)) a prime number?
False
Suppose 2*s = 4*u - 6, -41*s + 2*u - 18 = -45*s. Suppose -4*l + r + 29574 = 0, s*r + 12045 = 4*l - 17533. Is l a prime number?
True
Let v = 410716 - 152697. Is v a prime number?
True
Suppose 31300*s = 31292*s + 2625976. Is s a prime number?
False
Let v(s) = -863*s + 2. Let x = -41 + 37. Let g be 2 + x/8*6. Is v(g) composite?
True
Let w(o) be the first derivative of 127*o**4/4 + 4*o**3/3 + o**2/2 + o - 3849. Let t be (-4 - (1 + -1))/(-1). Is w(t) a prime number?
False
Is 157881*(-14 - -23)/27 a composite number?
False
Let z be (-2)/(-16)*2 + (-22253)/308. Is 87332/24 + (-12)/z a prime number?
False
Suppose -j + 563 = -5*z, -1613 + 457 = -2*j + 4*z. Let h(s) = 250*s - 163. Let r be h(2). Let q = j - r. Is q prime?
True
Let y = 24 + -2. Let i be (-30)/75 + y/5. Suppose -i*f - 4*n - 1738 = -5938, -f = -n - 1048. Is f a composite number?
False
Let c(o) = -o**2 + o + 4. Let y be c(0). Suppose 10 = y*a + 34. Is (278/6)/((-2)/a) a prime number?
True
Let y(u) = u**3 - u**2 - 5*u + 1. Let c be y(4). Suppose 3*l + c + 4 = 0. Is (-2319)/l + (-12)/(-66) prime?
True
Suppose -2 = b, b + 3*b = 3*u - 8. Let h be 3/(-9)*(u + 0). Suppose 3*t + 2*d - 2047 - 560 = h, -3*t = -d - 2607. Is t prime?
False
Let o(x) be the second derivative of -2*x**3/3 - 32*x**2 - 5*x. Let h be o(-15). Let z(n) = 72*n**2 + 3*n - 1. Is z(h) a prime number?
False
Suppose -10*t + 23*t = -45*t + 28046596. Is t prime?
False
Suppose -51*a = -37*a - 24280284. Is a/54 + 18/81 a composite number?
False
Suppose 30*z - 3*p = 26*z + 565186, 4*p = -2*z + 282626. Is z a composite number?
False
Let v = 57 - 57. Let k = 10502 - 4807. Suppose -9*o - 1312 + k = v. Is o composite?
False
Is 9367830/66 + (-19)/(418/(-4)) prime?
True
Is 150/(-975) + (-39634980)/(-52) prime?
True
Suppose -12*y = 304018 - 4204546. Is (12/9 + -2)/((-24)/y) a prime number?
True
Suppose 3*z - 10*d + 8*d = -11, -3*d = 5*z - 7. Is -5 - (-10552)/(5 + z) a prime number?
True
Let r(a) = a**2 + 25*a + 178. Let z be r(-28). Let g = 421 - z. Is g composite?
True
Let h(f) = -178*f**3 + 6*f**2 + 23*f + 22. Is h(-5) a prime number?
True
Let p be (-8)/(-6)*(-27)/(-18). Suppose -a + p*a - 3*x = 653, a - 4*x = 655. Is a prime?
True
Suppose -171*c = -25066332 - 17867541 + 6499416. Is c prime?
True
Suppose -31*r + 36788923 - 9552044 = 0. Is r a prime number?
True
Is (11095322 - 73)*2/22 prime?
True
Let w(a) = 35*a + 7. Let k be w(-3). Let v = k - -101. Suppose 3*i = 4*r - i - 2020, -4*i - 1517 = -v*r. Is r a composite number?
False
Let n(y) = 4*y - 2. Let w be n(22). 